 z(d) = 1148*d**2 + 25*d - 5. Let n be z(2). Suppose -3*c - 4*u = -n, -3*c - c + 3*u = -6166. Is c a composite number?
False
Let w be (-905640)/66 + 4 + (-4)/22. Let b = -4057 - w. Is b prime?
True
Let s be 5 - ((-12)/(-18) - (-2)/6). Suppose -5*z + 43620 = s*u - 53329, 3*u = -3*z + 72714. Is u a prime number?
False
Let u = 53 + -46. Suppose -4*f = -4*h - 12, 5*f + u*h - 7 = 4*h. Is (1094/2)/((f/(-7))/(-2)) prime?
False
Let v(j) = 6545*j**2 + 11*j + 65. Is v(-3) composite?
False
Suppose 198*p - 35903621 - 724230 = -3114569. Is p a composite number?
False
Suppose -6155 = -4*w + 3*w. Let p = 4223 - w. Is (-10)/4*p/30 prime?
False
Let o(t) = -t**3 + 5*t**2 + 10*t - 13. Let u be o(6). Is 2124 + u + -6 + -2 composite?
True
Suppose 4*w + 570 = 5*n, 5*n + 25*w = 27*w + 570. Suppose -4*h - 115*l + 12549 = -n*l, -3*l + 12551 = 4*h. Is h prime?
True
Is 99859/10 + (-17)/(-170) - 1 a composite number?
True
Suppose 5*p = -2*y - 112, -5*p + 3*y = 146 - 14. Let z be p/(-7) + 15/(-35). Is (-480 - -1 - (z - 1))/(-1) a prime number?
False
Suppose 175 + 1400 = 3*a. Suppose 17*r - 921 = 3*u + 10*r, -1561 = 5*u - 3*r. Let p = u + a. Is p prime?
True
Let q(n) = -n**3 + 12*n**2 + 2*n + 44. Let w be (2 - (-1 + 22))*-1. Let y be q(w). Is 0 - (-2)/((-6)/y) a prime number?
False
Suppose 4*q - 69528 = -4*q. Suppose -5*d + 5*w = w - q, 1736 = d - 3*w. Suppose 5*a + d = -5*y + 7969, 4*y + 2*a = 4978. Is y prime?
False
Let b be (-4)/(24/(-4801)) + (-7)/42. Let a = -493 + b. Is a a prime number?
True
Let o be (-52)/(-9) + 1/(9/2). Is (((-14920)/6)/(-10))/(o/9) composite?
False
Suppose 186*z - 180*z = 139128. Let h = z + -9599. Is h prime?
False
Let r(n) = 10*n**2 + 13. Let q be r(-17). Let g = q + -1406. Is g composite?
True
Let i = 446492 - 144625. Is i composite?
False
Let l be (806 - 1) + -6 + 3. Let u = -552 + l. Is u + (-3)/6*2 a composite number?
True
Let u(y) = 18413*y**3 - 7*y**2 - 28*y + 55. Is u(4) composite?
False
Suppose -w = -2*b - 44690, -4*w + 136951 = 3*b - 41809. Suppose -9*n + 81499 = -w. Is n a composite number?
True
Suppose -34925018 = -205*f + 790287. Is f a prime number?
True
Let u = -767 - -972. Suppose 2*y - 5 = q, 4 = -3*q + 5*y - 6. Suppose q*d = 2*z + 4*d - 419, z - 2*d = u. Is z a composite number?
False
Suppose 88150 = -42*v + 52*v. Is 48/72 + v/3 prime?
True
Let s = 2516 + -721. Suppose -2*a = -5*h + 27442 - s, -4*a = 4*h - 20540. Is h composite?
True
Is 7 - (-297)/(-45) - (130896036/30)/(-2) a prime number?
True
Is 5 - (-9 + -2 + 1*-90741) prime?
False
Let c(r) = 127482*r**3 + 27*r - 28. Is c(1) a prime number?
True
Suppose 0 = 4*l - 39 + 23. Suppose 3*x = -l*q + 199, -2*q + 40 + 90 = 2*x. Suppose 2*m - x = -15. Is m composite?
False
Is 129/66*24226 + (-106)/(-583) a composite number?
False
Suppose -l + 39 = -2*g - 3*g, -5*l + 3*g = -85. Suppose 2*h = -5*h - l. Let p(y) = -99*y**3 + 2*y**2 + 4*y + 5. Is p(h) a composite number?
False
Let m be (8 - 8)/(1*2). Suppose m = 5*d + 2*g - 34, -g = 3 - 5. Suppose d*i = 3*i + 633. Is i composite?
False
Suppose -31005 = -15*n + 102570. Suppose 4*b = -2*k + 7124, 5*b - n = 6*k - 9*k. Is b a composite number?
True
Is (-4 + (2 - -3))/(1/116749) prime?
False
Suppose -r + 6*r = 4*u - 321701, -r = 4*u - 321719. Is u composite?
False
Let s be -3*(-25)/(-15) - -15. Is s + -5 - 2*-201 composite?
True
Let q be (-38)/(-4)*-3*2/(-3). Let d(r) = r**2 - 20*r + 21. Let i be d(q). Suppose 0 = -5*a - 4*z + 5387, -4*z - 1087 = -3*a + i*a. Is a a prime number?
False
Is (-137209)/(-3) - ((-423)/27 - -15) a prime number?
True
Suppose -6*n - 40 = -22. Is -4 + (-2766)/6*n a prime number?
False
Let a(v) = 2279*v + 311237. Is a(0) a composite number?
False
Let w(t) = -401*t**2 - 9*t - 27. Let d be w(-5). Let i = d - -20364. Is i prime?
True
Is (5 + 2)/((-3 - (-184649)/23081) + -5) composite?
True
Let n = -17544 + 27056. Let o = n - -15281. Is o composite?
False
Suppose -5*i - 1341867 = -4*s, 5*s + 64*i = 63*i + 1677370. Is s a prime number?
True
Let b be (-17)/(-5) + (-42)/(-70) + -141. Let w = 348 + b. Is w composite?
False
Let f = -421 + 421. Suppose 4*m - 4*r - 49768 = f, -m = -6*m + 2*r + 62195. Is m composite?
False
Let p(x) = x. Let r(f) = -4*f + 24. Let n(u) = 6*p(u) + r(u). Let k be n(-11). Suppose 0 = -k*l + 8*l - 5034. Is l a prime number?
True
Let c(f) = -f**3 - f**2 - 84*f + 354479. Is c(0) prime?
True
Let f be (1 + 1)/((-42)/(-23163)). Let v = 3958 - f. Is v composite?
True
Let v = 307379 - -191970. Is v a prime number?
True
Let o = 776 + -777. Is -5 + 0/2*o - -3627 composite?
True
Let t(w) be the first derivative of 983*w**3/3 - 3*w**2/2 - 3*w - 1052. Let m be (0 - -1) + 4/(-2). Is t(m) a prime number?
True
Let q(l) = 6*l + 21. Let r(b) = 1. Let n(y) = -q(y) + 4*r(y). Let f(d) = 13*d + 34. Let g(j) = -3*f(j) - 5*n(j). Is g(-7) a prime number?
False
Let q = 118 - 105. Suppose -69 = 10*m - q*m. Is m composite?
False
Let j(p) be the second derivative of p**4/6 + 5*p**3/3 - 25*p**2/2 - 27*p. Let t be j(-7). Suppose t*d + 1458 = 3*s, -d = -s + 4*s - 1462. Is s composite?
False
Suppose -27714 = 10*p - 249184. Is p a composite number?
False
Let d = 43544 - 10435. Is d a prime number?
False
Suppose 0 = -116*f + 5600319 - 3849391 + 4524788. Is f composite?
False
Suppose -7*p = 1169202 - 2864413. Suppose -5*w + y + 242181 = 0, -2*w - 3*w + 3*y = -p. Is w composite?
False
Suppose -11*t - 2 = 42. Let g(v) = -v**2 - 4*v - 3. Let r be g(t). Is (103060/30)/((-2)/r) a composite number?
False
Suppose -1259*c + 384872 = -1251*c. Is c prime?
True
Suppose -23*d + 26*d = -2*w + 2306525, -3844208 = -5*d - 3*w. Is d prime?
True
Let z = -11376 - -33215. Is z a prime number?
True
Suppose -39*f = -31*f - 272. Is (-8620)/2*(f/4)/(-17) a composite number?
True
Suppose 6*p - 2*p - 615430 = -2*s, 5*s - 153844 = -p. Is p a composite number?
True
Is ((-216)/(-99) - (-6)/(-33))/(4/1470526) composite?
False
Is 6258438/150 + 22/275 prime?
False
Let g(n) = 4*n**2 - 14*n - 8. Let x(c) = c**2. Let q(i) = -g(i) + 6*x(i). Let y be q(-6). Let h = 189 + y. Is h prime?
False
Let c(i) = -2*i**2 + 5 + 6 - 9*i**2 + 5*i**2 + i**3 + 3*i. Let d be c(5). Let t(b) = 418*b + 1. Is t(d) a prime number?
True
Let c be 0 + 7 + (-3904)/(-8). Suppose 12*f - c - 5397 = 0. Is f composite?
False
Let k be (-16)/(-24)*-21 - (-1 + 0). Let q(n) = -3*n**3 - 18*n**2 + 7*n - 25. Is q(k) prime?
True
Is (105 - 104)*(3015763 + 0) a composite number?
False
Let a be (-495420)/(-253) - (-2)/(-11). Let z(w) = -w + 1. Let o be z(-2). Suppose -o*d = -d - a. Is d a composite number?
True
Let m be (8930/(-30))/((-2)/18). Let f = m - 1638. Suppose -f - 768 = -5*y + g, -2*y - 4*g + 728 = 0. Is y prime?
False
Is 18/(-63) + (-9)/63*-1472739 prime?
True
Let r(m) = -124645*m - 282. Is r(-1) prime?
True
Let z = 129 - 126. Suppose -3*b - z*x = -23730, -2*b - 5*x = -5*b + 23706. Is b a composite number?
False
Suppose 2*c + h - 5*h = 3632, 0 = 3*c - 5*h - 5450. Let i = c + 4565. Is i prime?
False
Let u = -844 - -231. Let x(o) = -179*o - 1. Let k be x(2). Let r = k - u. Is r a prime number?
False
Is (-23)/(230/(-70)) - -311344 composite?
True
Let u = -181 + 186. Is 5*10/(-125) - (-67177)/u a prime number?
False
Suppose 44*t - 7733 = 10923. Let d = t - -10069. Is d a prime number?
False
Let j(u) be the first derivative of 17*u**6/120 - 3*u**5/40 - 7*u**4/24 + 5*u**3/3 - 32. Let d(z) be the third derivative of j(z). Is d(-6) a prime number?
False
Suppose 0 = -2*a - 6 + 36. Suppose 5*h - a = 4*q, -2*q = 5*h - 4 - 11. Suppose -3*x = -5*j - 5851, -3*x + q*j = -3*j - 5859. Is x a composite number?
True
Let l(f) = -11*f + 1120*f**2 - 1997*f**2 + 9 + 1130*f**2. Is l(-4) composite?
True
Let b be 1 + -2 - 5/(-10)*-6. Let u be (0 + -4)*(b - 20/(-8)). Let o(p) = p**3 - 3*p + 25. Is o(u) a prime number?
True
Is 30175 + (8 + -15 - -19) a prime number?
True
Is 53713627/133 + 48/(-56) a composite number?
False
Let v = 34 - 32. Let w be (-3)/v*(-48)/(-27)*-3. Is -2*(-5 - 6196/w) a composite number?
False
Let i(y) = y**3 + 3*y - 24. Let a be i(11). Suppose -14194 = 6*n + a. Let s = n - -4186. Is s prime?
True
Suppose -3*j = 2*v - 141207 - 1056586, 1197779 = 3*j - 5*v. Is j prime?
True
Let q be (2*(-417)/6)/1. Let m(o) = o**3 - 12*o**2 - 83*o + 8. Let r be m(16). Let c = q - r. Is c composite?
False
Suppose 0 = 14*u -